{"id":42,"date":"2023-09-28T14:41:02","date_gmt":"2023-09-28T12:41:02","guid":{"rendered":"http:\/\/fermedelariziere.fr\/?page_id=42"},"modified":"2024-09-23T23:33:47","modified_gmt":"2024-09-23T21:33:47","slug":"le-jardin","status":"publish","type":"page","link":"https:\/\/fermedelariziere.fr\/index.php\/le-jardin\/","title":{"rendered":"Le Jardin"},"content":{"rendered":"\n<div class=\"wp-block-columns is-layout-flex wp-container-core-columns-is-layout-9d6595d7 wp-block-columns-is-layout-flex\">\n<div class=\"wp-block-column is-layout-flow wp-block-column-is-layout-flow\" style=\"flex-basis:66.66%\">\n<p><strong>Ou le grand potager&#8230;<\/strong><\/p>\n\n\n\n<p>Les dimensions des planches de culture sont pr\u00e9vues pour un travail non m\u00e9canis\u00e9. Les all\u00e9es et passe-pied sont am\u00e9nag\u00e9s pour \u00eatre agr\u00e9ables \u00e0 utiliser pour tous. Cette ann\u00e9e, j&#8217;ai pr\u00e9par\u00e9 12 petites parcelles de cultures, elles sont bord\u00e9es, de fleurs pour les auxiliaires, de haies de petits fruits et de miscanthus pour briser le vent.<\/p>\n\n\n\n<figure class=\"wp-block-gallery has-nested-images columns-default is-cropped wp-block-gallery-1 is-layout-flex wp-block-gallery-is-layout-flex\">\n<figure class=\"wp-block-image size-large\"><img fetchpriority=\"high\" decoding=\"async\" width=\"400\" height=\"400\" data-id=\"272\" src=\"https:\/\/fermedelariziere.fr\/wp-content\/uploads\/2023\/09\/2023-08-13-16h31m28w.jpg\" alt=\"\" class=\"wp-image-272\" srcset=\"https:\/\/fermedelariziere.fr\/wp-content\/uploads\/2023\/09\/2023-08-13-16h31m28w.jpg 400w, https:\/\/fermedelariziere.fr\/wp-content\/uploads\/2023\/09\/2023-08-13-16h31m28w-300x300.jpg 300w, https:\/\/fermedelariziere.fr\/wp-content\/uploads\/2023\/09\/2023-08-13-16h31m28w-150x150.jpg 150w, https:\/\/fermedelariziere.fr\/wp-content\/uploads\/2023\/09\/2023-08-13-16h31m28w-75x75.jpg 75w\" sizes=\"(max-width: 400px) 100vw, 400px\" \/><\/figure>\n\n\n\n<figure class=\"wp-block-image size-large\"><img decoding=\"async\" width=\"987\" height=\"1024\" data-id=\"291\" src=\"http:\/\/fermedelariziere.fr\/wp-content\/uploads\/2023\/09\/DSC_0276-_redimensionnerW-987x1024.jpg\" alt=\"\" class=\"wp-image-291\" srcset=\"https:\/\/fermedelariziere.fr\/wp-content\/uploads\/2023\/09\/DSC_0276-_redimensionnerW-987x1024.jpg 987w, https:\/\/fermedelariziere.fr\/wp-content\/uploads\/2023\/09\/DSC_0276-_redimensionnerW-289x300.jpg 289w, https:\/\/fermedelariziere.fr\/wp-content\/uploads\/2023\/09\/DSC_0276-_redimensionnerW-768x796.jpg 768w, https:\/\/fermedelariziere.fr\/wp-content\/uploads\/2023\/09\/DSC_0276-_redimensionnerW.jpg 1108w\" sizes=\"(max-width: 987px) 100vw, 987px\" \/><\/figure>\n\n\n\n<figure class=\"wp-block-image size-large\"><img decoding=\"async\" width=\"300\" height=\"300\" data-id=\"274\" src=\"https:\/\/fermedelariziere.fr\/wp-content\/uploads\/2023\/09\/2023-09-01-20h10m01w.jpg\" alt=\"\" class=\"wp-image-274\" srcset=\"https:\/\/fermedelariziere.fr\/wp-content\/uploads\/2023\/09\/2023-09-01-20h10m01w.jpg 300w, https:\/\/fermedelariziere.fr\/wp-content\/uploads\/2023\/09\/2023-09-01-20h10m01w-150x150.jpg 150w, https:\/\/fermedelariziere.fr\/wp-content\/uploads\/2023\/09\/2023-09-01-20h10m01w-75x75.jpg 75w\" sizes=\"(max-width: 300px) 100vw, 300px\" \/><\/figure>\n<\/figure>\n\n\n\n<blockquote class=\"wp-block-quote is-layout-flow wp-block-quote-is-layout-flow\">\n<p><\/p>\n<\/blockquote>\n<\/div>\n\n\n\n<div class=\"wp-block-column is-layout-flow wp-block-column-is-layout-flow\" style=\"flex-basis:33.33%\">\n<figure class=\"wp-block-image size-large\"><img loading=\"lazy\" decoding=\"async\" width=\"683\" height=\"1024\" src=\"http:\/\/fermedelariziere.fr\/wp-content\/uploads\/2023\/09\/2023-08-31-08h53m20-683x1024.jpg\" alt=\"\" class=\"wp-image-256\" srcset=\"https:\/\/fermedelariziere.fr\/wp-content\/uploads\/2023\/09\/2023-08-31-08h53m20-683x1024.jpg 683w, https:\/\/fermedelariziere.fr\/wp-content\/uploads\/2023\/09\/2023-08-31-08h53m20-200x300.jpg 200w, https:\/\/fermedelariziere.fr\/wp-content\/uploads\/2023\/09\/2023-08-31-08h53m20-768x1152.jpg 768w, https:\/\/fermedelariziere.fr\/wp-content\/uploads\/2023\/09\/2023-08-31-08h53m20-1024x1536.jpg 1024w, https:\/\/fermedelariziere.fr\/wp-content\/uploads\/2023\/09\/2023-08-31-08h53m20-1365x2048.jpg 1365w, https:\/\/fermedelariziere.fr\/wp-content\/uploads\/2023\/09\/2023-08-31-08h53m20-1140x1710.jpg 1140w, https:\/\/fermedelariziere.fr\/wp-content\/uploads\/2023\/09\/2023-08-31-08h53m20-scaled.jpg 1707w\" sizes=\"(max-width: 683px) 100vw, 683px\" \/><\/figure>\n<\/div>\n<\/div>\n\n\n\n<h2 class=\"wp-block-heading\">Un jardin, un jour ouvert \u00e0 la cueillette<\/h2>\n\n\n\n<p><strong>Un jardin protecteur du vivant.<\/strong><br><strong>Un jardin accueillant pour tous ses cueilleurs, dans ce joli bocage bourbonnais.<\/strong><\/p>\n\n\n\n<figure class=\"wp-block-image size-large\"><img loading=\"lazy\" decoding=\"async\" width=\"1024\" height=\"521\" src=\"http:\/\/fermedelariziere.fr\/wp-content\/uploads\/2023\/09\/2023-09-11-09h34m56w-1024x521.jpg\" alt=\"\" class=\"wp-image-262\" srcset=\"https:\/\/fermedelariziere.fr\/wp-content\/uploads\/2023\/09\/2023-09-11-09h34m56w-1024x521.jpg 1024w, https:\/\/fermedelariziere.fr\/wp-content\/uploads\/2023\/09\/2023-09-11-09h34m56w-300x153.jpg 300w, https:\/\/fermedelariziere.fr\/wp-content\/uploads\/2023\/09\/2023-09-11-09h34m56w-768x391.jpg 768w, https:\/\/fermedelariziere.fr\/wp-content\/uploads\/2023\/09\/2023-09-11-09h34m56w-1536x781.jpg 1536w, https:\/\/fermedelariziere.fr\/wp-content\/uploads\/2023\/09\/2023-09-11-09h34m56w-1140x580.jpg 1140w, https:\/\/fermedelariziere.fr\/wp-content\/uploads\/2023\/09\/2023-09-11-09h34m56w.jpg 2000w\" sizes=\"(max-width: 1024px) 100vw, 1024px\" \/><\/figure>\n\n\n\n<p><strong>L&#8217;info 2024 !<\/strong><br>J&#8217;ai repris un temps partiel de salari\u00e9 dans un laboratoire sp\u00e9cialis\u00e9 en Phytoth\u00e9rapie (LPEV), mais pas que &#8230;<\/p>\n\n\n\n<figure class=\"wp-block-image size-full\"><img loading=\"lazy\" decoding=\"async\" width=\"675\" height=\"792\" src=\"https:\/\/fermedelariziere.fr\/wp-content\/uploads\/2024\/09\/post-du-22-avril.png\" alt=\"\" class=\"wp-image-317\" srcset=\"https:\/\/fermedelariziere.fr\/wp-content\/uploads\/2024\/09\/post-du-22-avril.png 675w, https:\/\/fermedelariziere.fr\/wp-content\/uploads\/2024\/09\/post-du-22-avril-256x300.png 256w\" sizes=\"(max-width: 675px) 100vw, 675px\" \/><\/figure>\n\n\n\n<div style=\"height:53px\" aria-hidden=\"true\" class=\"wp-block-spacer\"><\/div>\n","protected":false},"excerpt":{"rendered":"<p>Ou le grand potager&#8230; Les dimensions des planches de culture sont pr\u00e9vues pour un travail non m\u00e9canis\u00e9. Les all\u00e9es et passe-pied sont am\u00e9nag\u00e9s pour \u00eatre agr\u00e9ables \u00e0 utiliser pour tous. Cette ann\u00e9e, j&#8217;ai pr\u00e9par\u00e9 12 petites parcelles de cultures, elles sont bord\u00e9es, de fleurs pour les auxiliaires, de haies de petits fruits et de miscanthus pour briser le vent. Un jardin, un jour ouvert \u00e0 la cueillette Un jardin protecteur du vivant.Un jardin accueillant pour tous ses cueilleurs, dans ce joli bocage bourbonnais. L&#8217;info 2024 !J&#8217;ai repris un temps partiel de salari\u00e9 dans un laboratoire sp\u00e9cialis\u00e9 en Phytoth\u00e9rapie (LPEV), mais pas que &#8230;<\/p>\n","protected":false},"author":1,"featured_media":0,"parent":0,"menu_order":0,"comment_status":"closed","ping_status":"closed","template":"","meta":{"footnotes":""},"class_list":["post-42","page","type-page","status-publish","hentry"],"yoast_head":"<!-- This site is optimized with the Yoast SEO plugin v27.4 - https:\/\/yoast.com\/product\/yoast-seo-wordpress\/ -->\n<title>Le Jardin - LA RIZI\u00c8RE<\/title>\n<meta name=\"robots\" content=\"index, follow, max-snippet:-1, max-image-preview:large, max-video-preview:-1\" \/>\n<link rel=\"canonical\" href=\"https:\/\/fermedelariziere.fr\/index.php\/le-jardin\/\" \/>\n<meta property=\"og:locale\" content=\"en_US\" \/>\n<meta property=\"og:type\" content=\"article\" \/>\n<meta property=\"og:title\" content=\"Le Jardin - LA RIZI\u00c8RE\" \/>\n<meta property=\"og:description\" content=\"Ou le grand potager&#8230; Les dimensions des planches de culture sont pr\u00e9vues pour un travail non m\u00e9canis\u00e9. Les all\u00e9es et passe-pied sont am\u00e9nag\u00e9s pour \u00eatre agr\u00e9ables \u00e0 utiliser pour tous. Cette ann\u00e9e, j&#8217;ai pr\u00e9par\u00e9 12 petites parcelles de cultures, elles sont bord\u00e9es, de fleurs pour les auxiliaires, de haies de petits fruits et de miscanthus pour briser le vent. Un jardin, un jour ouvert \u00e0 la cueillette Un jardin protecteur du vivant.Un jardin accueillant pour tous ses cueilleurs, dans ce joli bocage bourbonnais. L&#8217;info 2024 !J&#8217;ai repris un temps partiel de salari\u00e9 dans un laboratoire sp\u00e9cialis\u00e9 en Phytoth\u00e9rapie (LPEV), mais pas que &#8230;\" \/>\n<meta property=\"og:url\" content=\"https:\/\/fermedelariziere.fr\/index.php\/le-jardin\/\" \/>\n<meta property=\"og:site_name\" content=\"LA RIZI\u00c8RE\" \/>\n<meta property=\"article:modified_time\" content=\"2024-09-23T21:33:47+00:00\" \/>\n<meta property=\"og:image\" content=\"https:\/\/fermedelariziere.fr\/wp-content\/uploads\/2023\/09\/2023-08-13-16h31m28w.jpg\" \/>\n<meta name=\"twitter:card\" content=\"summary_large_image\" \/>\n<meta name=\"twitter:label1\" content=\"Est. reading time\" \/>\n\t<meta name=\"twitter:data1\" content=\"2 minutes\" \/>\n<script type=\"application\/ld+json\" class=\"yoast-schema-graph\">{\"@context\":\"https:\\\/\\\/schema.org\",\"@graph\":[{\"@type\":\"WebPage\",\"@id\":\"https:\\\/\\\/fermedelariziere.fr\\\/index.php\\\/le-jardin\\\/\",\"url\":\"https:\\\/\\\/fermedelariziere.fr\\\/index.php\\\/le-jardin\\\/\",\"name\":\"Le Jardin - LA RIZI\u00c8RE\",\"isPartOf\":{\"@id\":\"https:\\\/\\\/fermedelariziere.fr\\\/#website\"},\"primaryImageOfPage\":{\"@id\":\"https:\\\/\\\/fermedelariziere.fr\\\/index.php\\\/le-jardin\\\/#primaryimage\"},\"image\":{\"@id\":\"https:\\\/\\\/fermedelariziere.fr\\\/index.php\\\/le-jardin\\\/#primaryimage\"},\"thumbnailUrl\":\"https:\\\/\\\/fermedelariziere.fr\\\/wp-content\\\/uploads\\\/2023\\\/09\\\/2023-08-13-16h31m28w.jpg\",\"datePublished\":\"2023-09-28T12:41:02+00:00\",\"dateModified\":\"2024-09-23T21:33:47+00:00\",\"breadcrumb\":{\"@id\":\"https:\\\/\\\/fermedelariziere.fr\\\/index.php\\\/le-jardin\\\/#breadcrumb\"},\"inLanguage\":\"en-US\",\"potentialAction\":[{\"@type\":\"ReadAction\",\"target\":[\"https:\\\/\\\/fermedelariziere.fr\\\/index.php\\\/le-jardin\\\/\"]}]},{\"@type\":\"ImageObject\",\"inLanguage\":\"en-US\",\"@id\":\"https:\\\/\\\/fermedelariziere.fr\\\/index.php\\\/le-jardin\\\/#primaryimage\",\"url\":\"https:\\\/\\\/fermedelariziere.fr\\\/wp-content\\\/uploads\\\/2023\\\/09\\\/2023-08-13-16h31m28w.jpg\",\"contentUrl\":\"https:\\\/\\\/fermedelariziere.fr\\\/wp-content\\\/uploads\\\/2023\\\/09\\\/2023-08-13-16h31m28w.jpg\"},{\"@type\":\"BreadcrumbList\",\"@id\":\"https:\\\/\\\/fermedelariziere.fr\\\/index.php\\\/le-jardin\\\/#breadcrumb\",\"itemListElement\":[{\"@type\":\"ListItem\",\"position\":1,\"name\":\"Accueil\",\"item\":\"https:\\\/\\\/fermedelariziere.fr\\\/\"},{\"@type\":\"ListItem\",\"position\":2,\"name\":\"Le Jardin\"}]},{\"@type\":\"WebSite\",\"@id\":\"https:\\\/\\\/fermedelariziere.fr\\\/#website\",\"url\":\"https:\\\/\\\/fermedelariziere.fr\\\/\",\"name\":\"LA RIZI\u00c8RE\",\"description\":\"Ferme AB au Theil, Allier\",\"potentialAction\":[{\"@type\":\"SearchAction\",\"target\":{\"@type\":\"EntryPoint\",\"urlTemplate\":\"https:\\\/\\\/fermedelariziere.fr\\\/?s={search_term_string}\"},\"query-input\":{\"@type\":\"PropertyValueSpecification\",\"valueRequired\":true,\"valueName\":\"search_term_string\"}}],\"inLanguage\":\"en-US\"}]}<\/script>\n<!-- \/ Yoast SEO plugin. -->","yoast_head_json":{"title":"Le Jardin - LA RIZI\u00c8RE","robots":{"index":"index","follow":"follow","max-snippet":"max-snippet:-1","max-image-preview":"max-image-preview:large","max-video-preview":"max-video-preview:-1"},"canonical":"https:\/\/fermedelariziere.fr\/index.php\/le-jardin\/","og_locale":"en_US","og_type":"article","og_title":"Le Jardin - LA RIZI\u00c8RE","og_description":"Ou le grand potager&#8230; Les dimensions des planches de culture sont pr\u00e9vues pour un travail non m\u00e9canis\u00e9. Les all\u00e9es et passe-pied sont am\u00e9nag\u00e9s pour \u00eatre agr\u00e9ables \u00e0 utiliser pour tous. Cette ann\u00e9e, j&#8217;ai pr\u00e9par\u00e9 12 petites parcelles de cultures, elles sont bord\u00e9es, de fleurs pour les auxiliaires, de haies de petits fruits et de miscanthus pour briser le vent. Un jardin, un jour ouvert \u00e0 la cueillette Un jardin protecteur du vivant.Un jardin accueillant pour tous ses cueilleurs, dans ce joli bocage bourbonnais. L&#8217;info 2024 !J&#8217;ai repris un temps partiel de salari\u00e9 dans un laboratoire sp\u00e9cialis\u00e9 en Phytoth\u00e9rapie (LPEV), mais pas que &#8230;","og_url":"https:\/\/fermedelariziere.fr\/index.php\/le-jardin\/","og_site_name":"LA RIZI\u00c8RE","article_modified_time":"2024-09-23T21:33:47+00:00","og_image":[{"url":"https:\/\/fermedelariziere.fr\/wp-content\/uploads\/2023\/09\/2023-08-13-16h31m28w.jpg","type":"","width":"","height":""}],"twitter_card":"summary_large_image","twitter_misc":{"Est. reading time":"2 minutes"},"schema":{"@context":"https:\/\/schema.org","@graph":[{"@type":"WebPage","@id":"https:\/\/fermedelariziere.fr\/index.php\/le-jardin\/","url":"https:\/\/fermedelariziere.fr\/index.php\/le-jardin\/","name":"Le Jardin - LA RIZI\u00c8RE","isPartOf":{"@id":"https:\/\/fermedelariziere.fr\/#website"},"primaryImageOfPage":{"@id":"https:\/\/fermedelariziere.fr\/index.php\/le-jardin\/#primaryimage"},"image":{"@id":"https:\/\/fermedelariziere.fr\/index.php\/le-jardin\/#primaryimage"},"thumbnailUrl":"https:\/\/fermedelariziere.fr\/wp-content\/uploads\/2023\/09\/2023-08-13-16h31m28w.jpg","datePublished":"2023-09-28T12:41:02+00:00","dateModified":"2024-09-23T21:33:47+00:00","breadcrumb":{"@id":"https:\/\/fermedelariziere.fr\/index.php\/le-jardin\/#breadcrumb"},"inLanguage":"en-US","potentialAction":[{"@type":"ReadAction","target":["https:\/\/fermedelariziere.fr\/index.php\/le-jardin\/"]}]},{"@type":"ImageObject","inLanguage":"en-US","@id":"https:\/\/fermedelariziere.fr\/index.php\/le-jardin\/#primaryimage","url":"https:\/\/fermedelariziere.fr\/wp-content\/uploads\/2023\/09\/2023-08-13-16h31m28w.jpg","contentUrl":"https:\/\/fermedelariziere.fr\/wp-content\/uploads\/2023\/09\/2023-08-13-16h31m28w.jpg"},{"@type":"BreadcrumbList","@id":"https:\/\/fermedelariziere.fr\/index.php\/le-jardin\/#breadcrumb","itemListElement":[{"@type":"ListItem","position":1,"name":"Accueil","item":"https:\/\/fermedelariziere.fr\/"},{"@type":"ListItem","position":2,"name":"Le Jardin"}]},{"@type":"WebSite","@id":"https:\/\/fermedelariziere.fr\/#website","url":"https:\/\/fermedelariziere.fr\/","name":"LA RIZI\u00c8RE","description":"Ferme AB au Theil, Allier","potentialAction":[{"@type":"SearchAction","target":{"@type":"EntryPoint","urlTemplate":"https:\/\/fermedelariziere.fr\/?s={search_term_string}"},"query-input":{"@type":"PropertyValueSpecification","valueRequired":true,"valueName":"search_term_string"}}],"inLanguage":"en-US"}]}},"_links":{"self":[{"href":"https:\/\/fermedelariziere.fr\/index.php\/wp-json\/wp\/v2\/pages\/42","targetHints":{"allow":["GET"]}}],"collection":[{"href":"https:\/\/fermedelariziere.fr\/index.php\/wp-json\/wp\/v2\/pages"}],"about":[{"href":"https:\/\/fermedelariziere.fr\/index.php\/wp-json\/wp\/v2\/types\/page"}],"author":[{"embeddable":true,"href":"https:\/\/fermedelariziere.fr\/index.php\/wp-json\/wp\/v2\/users\/1"}],"replies":[{"embeddable":true,"href":"https:\/\/fermedelariziere.fr\/index.php\/wp-json\/wp\/v2\/comments?post=42"}],"version-history":[{"count":24,"href":"https:\/\/fermedelariziere.fr\/index.php\/wp-json\/wp\/v2\/pages\/42\/revisions"}],"predecessor-version":[{"id":319,"href":"https:\/\/fermedelariziere.fr\/index.php\/wp-json\/wp\/v2\/pages\/42\/revisions\/319"}],"wp:attachment":[{"href":"https:\/\/fermedelariziere.fr\/index.php\/wp-json\/wp\/v2\/media?parent=42"}],"curies":[{"name":"wp","href":"https:\/\/api.w.org\/{rel}","templated":true}]}}